1. Determine u(-13).
55
Let j(u) = 15219*u + 7792128. Determine j(-512).
0
Let s(a) = a**2 - 12514*a + 1339776. Calculate s(108).
-72
Let h(g) = -g**2 + 773*g - 32040. What is h(44)?
36
Let b(f) = 38*f - 1571. Give b(14).
-1039
Let d(a) = -3*a**3 - 570*a**2 + 1728*a - 1771. Determine d(-193).
-34
Let v(g) = -3*g**2 - 96*g - 436. What is v(-10)?
224
Let h(l) = -39*l**2 - 1641*l + 11681. What is h(7)?
-1717
Let z(v) = -3973*v + 63762. Give z(16).
194
Let f(o) = -5*o**3 - 140*o**2 + 18*o + 554. Determine f(-28).
50
Let c(j) = j**3 - 385*j**2 + 6605*j + 380. Determine c(367).
13
Let m(g) = 9*g**3 - g**2 - 5*g + 50. Give m(4).
590
Let b(r) = 20*r**2 + 216*r + 516. Give b(-7).
-16
Let a(d) = -504*d**2 + 540*d - 27. Calculate a(1).
9
Let g(u) = -1524*u - 3158. Calculate g(-2).
-110
Let h(r) = 22*r**3 - 5807*r**2 - 206*r - 15329. Calculate h(264).
-17
Let k(m) = -184*m + 5797. Give k(32).
-91
Let y(v) = 4601*v**3 - 565925*v**2 + 235*v + 1351. Calculate y(123).
-2
Let r(z) = -184*z**2 - 17*z - 90. Calculate r(-2).
-792
Let g(v) = 2*v**2 + 24773*v + 2140119. Calculate g(-87).
6
Let s(y) = -3349*y + 5897577. Calculate s(1761).
-12
Let c(n) = -n**3 + 4648*n**2 - 23212*n - 7. Determine c(5).
8
Let n(s) = -s**3 + 24936*s**2 + 99751*s - 29. Determine n(-4).
7
Let n(o) = -38064*o - 1941272. Calculate n(-51).
-8
Let f(l) = -44875*l + 269252. What is f(6)?
2
Let a(p) = 30*p**2 + 253*p + 249. Give a(-1).
26
Let l(h) = 4665*h - 88682. Determine l(19).
-47
Let q(s) = -19*s**2 + 2642*s + 21083. Give q(-8).
-1269
Let v(i) = -2*i**3 - 370*i**2 - 173*i - 32122. Calculate v(-185).
-117
Let b(u) = -7254*u - 36241. Determine b(-5).
29
Let k(d) = 5*d**2 + 5471*d - 700588. Give k(-1210).
2
Let b(s) = -3*s**3 + 9263*s**2 + 148980*s + 69. What is b(-16)?
5
Let x(m) = 13*m**2 - 106*m - 1770. Calculate x(-8).
-90
Let z(l) = 97*l - 699. Determine z(7).
-20
Let o(a) = -96*a + 42264. Give o(434).
600
Let o(c) = -3*c**2 + 345*c + 857. Give o(115).
857
Let u(b) = -b**3 - 603*b**2 + 2025*b + 125437. Determine u(-606).
-5
Let x(k) = 3*k**2 + 315*k - 4197. What is x(12)?
15
Let b(n) = 12*n**3 - 3*n**2 + 388*n - 1782. Calculate b(5).
1583
Let u(o) = o**3 + 106*o**2 - 1402*o + 1653. Give u(-118).
1
Let n(t) = -2*t**3 - 410*t**2 + 415*t + 650. What is n(-206)?
32
Let j(m) = m**2 + 133*m - 103477. What is j(262)?
13
Let d(i) = -14098*i + 112546. Calculate d(8).
-238
Let s(z) = -7*z**2 + 10952*z + 244341. Determine s(-22).
9
Let n(k) = 309*k + 15728. Give n(-50).
278
Let h(d) = 35*d**2 + 1404*d + 138. Calculate h(-40).
-22
Let p(x) = 2*x**3 - 219*x**2 - 328*x - 690. Give p(111).
-135
Let z(w) = w**2 + 86*w + 1065. What is z(-66)?
-255
Let b(s) = 18*s**2 - 3413*s + 79052. Determine b(27).
23
Let y(d) = -3992*d + 36891. Give y(9).
963
Let a(l) = 1133*l + 4890. Determine a(-5).
-775
Let g(d) = 122*d + 2932. Calculate g(-23).
126
Let v(f) = 3*f**3 + 35*f**2 - 149*f - 1682. What is v(-7)?
47
Let i(r) = -675*r + 126224. What is i(187)?
-1
Let v(c) = 9426*c + 3610159. Calculate v(-383).
1
Let o(m) = -103*m**2 - 143*m + 4043. What is o(-7)?
-3
Let b(q) = -4429*q - 934508. Calculate b(-211).
11
Let p(w) = -w**2 + 37368*w - 373590. Determine p(10).
-10
Let v(z) = -189*z**2 + 2927*z - 8832. What is v(3)?
-1752
Let n(i) = -3*i**2 + 27*i + 370641. What is n(-347)?
45
Let u(o) = -25*o**2 - 307*o - 924. Determine u(-3).
-228
Let x(o) = -o**3 + 11*o**2 - 286*o + 1952. What is x(7)?
146
Let a(b) = 6*b**2 + 1034*b - 1971. Calculate a(-174).
-231
Let k(x) = 10*x**3 + 152*x**2 - 296*x - 2693. What is k(-16)?
-5
Let k(x) = -1461*x + 26102. Determine k(18).
-196
Let c(v) = v**3 + 316*v**2 + 94*v + 30019. Determine c(-316).
315
Let s(d) = 6*d**2 - 102*d - 2143. Calculate s(29).
-55
Let q(f) = -39620*f + 4437418. What is q(112)?
-22
Let i(q) = -4*q**2 + 1077*q - 4304. Give i(4).
-60
Let p(s) = -s**3 + 170*s**2 - 305*s - 5066. Give p(168).
142
Let i(q) = -4286*q**2 + 154280*q + 575. What is i(36)?
-1
Let y(q) = q**2 - 37*q - 18463. Give y(-102).
-4285
Let g(d) = d**3 + 14*d**2 + 14545*d + 145044. Calculate g(-10).
-6
Let t(f) = -2*f**2 - 593*f - 41542. Calculate t(-183).
-1
Let d(s) = -624*s - 100439. What is d(-161)?
25
Let g(c) = 44538*c + 178237. What is g(-4)?
85
Let g(n) = 6*n**2 - 44483*n - 222486. Give g(-5).
79
Let b(h) = -33*h**2 - 33883*h + 110206. Calculate b(-1030).
-4
Let h(x) = -x**3 - 39*x**2 + 379*x - 380. Give h(-47).
-521
Let g(t) = t**2 - 2*t - 9007. Determine g(92).
-727
Let k(b) = -18*b**2 + 54*b - 241. Calculate k(4).
-313
Let l(g) = -77664*g + 2951177. What is l(38)?
-55
Let l(u) = -u**3 - 352*u**2 + 11430*u + 896. Calculate l(30).
-4
Let n(v) = 79022*v + 790274. Determine n(-10).
54
Let c(y) = -41*y**2 + 3749*y - 1639. Give c(91).
-1
Let s(l) = 4*l**3 + 4*l**2 - 41*l + 81. Give s(2).
47
Let m(p) = 941*p - 165329. Calculate m(176).
287
Let k(r) = -2216*r - 1964. Determine k(-1).
252
Let p(j) = 4*j**3 - 29*j + 11. Calculate p(0).
11
Let x(z) = -1015*z - 65973. What is x(-65)?
2
Let y(w) = -2*w**3 - 223*w**2 - 4626*w + 65. Determine y(-84).
569
Let h(b) = 2*b**3 - 458*b**2 - 1765*b - 23178. What is h(233)?
-111
Let y(w) = -3*w**3 - 78*w**2 - 889*w - 20365. Give y(-25).
-15
Let i(n) = 644*n + 9700. Give i(-19).
-2536
Let p(f) = -f**2 + 7276*f + 263219. Give p(-36).
-13
Let l(s) = 16*s**2 - 364*s + 62. Determine l(6).
-1546
Let t(j) = -j**3 + 259*j**2 + 475*j - 564230. Calculate t(252).
-2
Let l(s) = -3*s**3 - 2*s**2 + s - 59. Determine l(-6).
511
Let t(j) = 26*j**2 - 298*j - 908. Give t(-3).
220
Let w(h) = 27*h**2 + 2572*h + 625. Determine w(-95).
-40
Let y(x) = x**2 + 156*x + 445. Calculate y(-43).
-4414
Let y(d) = -32*d - 423. Give y(-57).
1401
Let r(g) = -3*g**3 + 141*g**2 + 725*g - 4. Give r(-5).
271
Let a(p) = -27*p**2 - 76*p - 485. What is a(-7)?
-1276
Let l(k) = k**3 - 107*k**2 - 115*k + 125. Calculate l(108).
-631
Let f(s) = -74*s**2 - 12054*s + 1315. Give f(-163).
11
Let t(p) = 4*p**2 - 877*p + 27561. Give t(38).
11
Let u(i) = -i**2 - 67*i - 282. Calculate u(-38).
820
Let y(s) = -766*s - 3767. What is y(-5)?
63
Let v(t) = -5730*t - 29165. What is v(-5)?
-515
Let a(l) = -2*l**3 - 35*l**2 + 597*l + 2262. Calculate a(-27).
-6
Let r(h) = 1217*h + 14380. What is r(-13)?
-1441
Let v(f) = -f**3 - 8*f**2 - 1550*f - 17367. Calculate v(-11).
46
Let l(x) = -x**3 + 88*x**2 - 285*x + 1018. What is l(85)?
-1532
Let l(q) = -101*q**2 + 9394*q - 95. Determine l(93).
-2
Let m(p) = -219*p**2 - 3727*p - 3578. What is m(-16)?
-10
Let t(w) = w**3 - 9*w**2 - 762*w + 1554. What is t(2)?
2
Let u(k) = 5019*k + 205802. What is u(-41)?
23
Let u(a) = -17173*a - 137065. What is u(-8)?
319
Let n(u) = -59223*u**2 + 1066025*u - 23. Calculate n(18).
175
Let j(a) = -1217*a - 12155. Give j(-9).
-1202
Let a(r) = -1108*r - 46796. What is a(-38)?
-4692
Let q(z) = 8*z**3 - 10*z**2 + 15*z - 20. Calculate q(8).
3556
Let y(s) = 7*s**3 + 1922*s**2 - 826*s - 263. What is y(-275)?
12
Let a(c) = -c**2 - 218*c - 5211. Calculate a(-190).
109
Let s(q) = 2561*q + 58900. Calculate s(-23).
-3
Let d(i) = -16*i - 799. What is d(-8)?
-671
Let z(g) = g**3 - 8*g**2 - 22794*g + 1435. What is z(155)?
40
Let l(c) = -14*c**3 + 17*c**2 + 44*c - 400. What is l(7)?
-4061
Let m(f) = -f**3 - 5117*f**2 + 25598*f + 120. Calculate m(5).
60
Let h(g) = g + 598. Give h(33).
631
Let p(u) = u**3 + 29*u**2 + 216*u + 190. Give p(-21).
-818
Let z(x) = -8*x**2 + 236*x - 1652. Give z(19).
-56
Let y(d) = -14*d**3 - 404*d**2 + 657*d + 17364. What is y(-29)?
-7
Let v(x) = 13661*x - 259497. What is v(19)?
62
Let v(n) = n**3 - 19*n**2 - 452*n + 8674. What is v(21)?
64
Let c(t) = 245*t**2 - 46954*t - 46955. Give c(-1).
244
Let v(y) = -214*y**2 - 3568*y - 7125. Determine v(-2).
-845
Let s(l) = 2*l**3 + 868*l**2 + 12583*l + 5445. Calculate s(-419).
-2
Let b(v) = -v**2 - 457*v + 35149. What is b(67)?
41
Let x(m) = -m**2 + 714*m + 68830. Determine x(-86).
30
Let b(p) = -p**2 + 1550*p - 182026. Calculate b(128).
-10
Let d(i) = -5*i**3 + 755*i**2 - 52*i + 7854. Calculate d(151).
2
Let n(p) = -p**3 - 60*p**2 - 9*p - 4249. Give n(-61).
21
Let j(w) = 3*w**3 + 26*w**2 - 15273*w - 137367. What is j(-9)?
9
Let u(w) = -2*w**2 + 4770*w - 331. Give u(0).
-331
Let y(k) = k**3 + 45*k**2 + 44*k - 659. Determine y(-43).
1147
Let x(q) = -12*q**3 - 195*q**2 - 671*q - 9988. Give x(-16).